 47 = 2*c - 249, -4*f + 5*c = 296. Let l = k - f. Calculate the remainder when l is divided by 22.
19
Let b(s) = -s**3 - 3*s**2 - 4*s - 4. What is the remainder when (-201)/335 + 118/5 is divided by b(-3)?
7
Suppose 5*d + 320 = 2*o + 64, 0 = 3*o - 4*d - 391. Calculate the remainder when o is divided by 23.
18
Let i = 52 - 31. Suppose -t + 4*t = i. Suppose -2*g + 12 = -70*m + 72*m, 2*g = -4*m + 28. What is the remainder when m is divided by t?
1
Let j be (-13)/(-7) - (-13)/91. Suppose j*a + 2 = -4*f, -a - 19 = -2*a + 2*f. Calculate the remainder when 42 is divided by a.
6
Suppose -3 = -9*y + 11*y - 5*z, 2*y - 32 = -2*z. What is the remainder when 97 is divided by y?
9
Let j(k) = k - 8. Let r be j(11). Suppose -s - r*s = -72. Suppose -3*l = -8*l + 50. What is the remainder when s is divided by l?
8
Let r = 1554 - 1501. What is the remainder when r is divided by 21?
11
Suppose -4*p = 45 - 69. What is the remainder when 125 is divided by p?
5
Let m = -289 + 497. Calculate the remainder when m is divided by 42.
40
Let b(m) be the first derivative of 25*m**2/2 + 4*m + 5. What is the remainder when b(1) is divided by 8?
5
Suppose -25*v = 7*v - 480. Calculate the remainder when 84 is divided by v.
9
Let u(z) = 35*z + 34. Calculate the remainder when u(16) is divided by 85.
84
Let g be 56/6 - 24/(-36). Suppose 2 + g = 4*q. Calculate the remainder when 44 is divided by 2/1 + 24 - q.
21
Suppose -5*w + 169 + 46 = 0. Let s(u) = 4*u**3 + u**2 - 2*u + 1. Let v be s(1). Suppose v*o - 6*o = -18. What is the remainder when w is divided by o?
7
Suppose -90 = -3*w + 5*j, -3*j = -4*w - 4*j + 143. What is the remainder when 133 is divided by w?
28
Let u(g) = 3*g - 27. Let r be u(0). Let c = 27 + r. Suppose c = w - 5*w + 92. What is the remainder when w is divided by 5?
3
Suppose -b - 630 = -3*h, 2*b + 840 = -2*h + 6*h. Let l = -107 + h. Calculate the remainder when l is divided by 15.
13
Suppose 2*a + x + 4 = 3*a, -5*a + 28 = 3*x. What is the remainder when 15 is divided by a?
0
Suppose -5*d + 523 = 2*h, -d + 0*d = 4*h - 119. What is the remainder when d is divided by 12?
7
Calculate the remainder when 21 is divided by 22*5/(-20)*(-2)/1.
10
Let r(g) = 5*g - 57. Let c be r(-11). Calculate the remainder when c/(-6) + 24/72 is divided by 12.
7
Let i = -119 - -140. What is the remainder when 103 is divided by i?
19
Suppose -5*l - 8 + 28 = 0, -u + 620 = 2*l. Calculate the remainder when u is divided by 15.
12
Let j be (-1 - (-2 + 2))/((-9)/(-180)). Let u = 37 + j. Calculate the remainder when u is divided by 10.
7
Let m = -285 + 358. What is the remainder when m is divided by 30?
13
Suppose 3*v - 6*v + 9 = 0. Let p = 73 + -52. Suppose -8*x + 15*x - p = 0. What is the remainder when x is divided by v?
0
Suppose c + 5*o + 1 = 0, 3*c + 0*c + 4*o = 19. What is the remainder when ((-16)/(-6) - 1/(-3)) + 30 is divided by c?
6
Let c(w) = -18*w**3 + 2*w**2 - w + 1. Let y = -7725 + 7765. What is the remainder when c(-2) is divided by y?
35
What is the remainder when 41 is divided by ((-182)/52)/((-2)/4)?
6
Let d = -15 + 38. Suppose d*n = 18*n + 155. What is the remainder when 60 is divided by n?
29
Suppose -2*u - 157 = 5*t - 7, 4*t - 272 = 4*u. Let g = u + 94. Calculate the remainder when 92 is divided by g.
20
Let x(n) = n**2 + 24*n + 48. Let l be x(-22). Suppose l*y - 5*a = 3*y + 103, 4*y - a = 374. Calculate the remainder when y is divided by 24.
21
Let f(u) = u**3 + 4*u**2 - u - 1. Calculate the remainder when 70 is divided by f(-2).
7
Suppose v - 123 = 5*f, -v + 30 + 21 = -2*f. Let l = f - -45. Calculate the remainder when 40 is divided by l.
19
Suppose 2*f - 894 = -4*g, -g + 2*f + 211 = -0*g. Suppose g = 6*a + 11. What is the remainder when a is divided by 19?
16
Let g be 9/6*16/12. What is the remainder when (-2 + 0)/(-1) + 4 - -3 is divided by 2/1 - (-2)/g?
0
Suppose -3*g - 162 = -4*m, 2*m - 70 = 2*g + 12. Let v = 7 + -4. Suppose 15 = -v*l + m. Calculate the remainder when l is divided by 5.
3
Let q(h) = -h**2 - 7*h - 13. Let f be q(-6). Let y = 41 + f. Calculate the remainder when y is divided by 12.
10
Let m be 2/(-4)*(-13 + 25). Let f(b) = 7*b. Let n be f(m). Calculate the remainder when 27 is divided by 1/(3 - (-123)/n).
13
Let v(s) = 11*s**2 + 4*s - 2. Let m be v(-3). Let u = -71 + m. What is the remainder when 25 is divided by u?
11
What is the remainder when 15 is divided by (7 - 12) + (0 - -16)?
4
Suppose g = 2*x + 2, -g + 0 + 2 = x. Suppose x = 2*j + 10*j - 180. What is the remainder when 102 is divided by j?
12
Suppose 108*y - 80*y = 2464. Calculate the remainder when 2022 is divided by y.
86
Suppose 2*i - 3*u - 519 = 0, 0 = 3*i - 7*u + 6*u - 768. What is the remainder when 3*(1 - i)/(18/(-3)) is divided by 43?
41
Let f(t) = 2*t**2 - 5*t + 5. Calculate the remainder when f(4) is divided by 4 + 1/((-4)/(-20)).
8
Let j(k) = 3*k**2 + 4*k + 6. Calculate the remainder when 101 is divided by j(-3).
17
Suppose -5*q + 200 = 5*c, 5*q - 79 = 4*c - 275. What is the remainder when c is divided by 24?
20
Let l = -563 + 628. What is the remainder when 385 is divided by l?
60
Let w = 349 + -271. What is the remainder when w is divided by 36?
6
Suppose -3*l + 19 = -29. Let a(y) = 3*y - 22. What is the remainder when a(l) is divided by 16?
10
Let p(h) = -3*h + 4. What is the remainder when 182 is divided by p(-9)?
27
Let h be ((-48)/(-36))/((-4)/(-30)). Suppose 2*o - 3 - h = g, 0 = 3*g + o + 25. Let p(q) = -q**3 - 9*q**2 + 12. What is the remainder when p(g) is divided by 4?
0
Let u be 5*36/(-15)*-1. Suppose u = 2*h - h. Let a(c) = c**3 - 13*c**2 + 15*c + 10. What is the remainder when a(h) is divided by 8?
6
Suppose 38*h = -4040 + 11070. Calculate the remainder when h is divided by 38.
33
Suppose -2*h + 230 = 2*u - u, -h - 3*u + 125 = 0. Calculate the remainder when h is divided by 30.
23
Suppose -12 = -3*f, 2*d - 1 = 2*f - 5. Let s(o) = o + 8. Let n be s(-11). What is the remainder when n/1*7/(-3) is divided by d?
1
Calculate the remainder when 85 is divided by 9090/210 - 2/7.
42
Let j = 296 - -163. What is the remainder when j is divided by 116?
111
What is the remainder when (42/(-4) - 0)/((-1)/6) is divided by 22?
19
Suppose -3*l + t + 428 = 0, 3*t + 78 = 72. What is the remainder when l is divided by 21?
16
Let a(h) = h**3 + 10*h**2 + 10*h + 15. Let w = 4 + 9. What is the remainder when a(-8) is divided by (w/(-2))/((-5)/10)?
11
Suppose -2*r + 63 = -4*j - 73, -3*j = -4*r + 97. Let l = 58 + j. Suppose -2*y = y - 4*o - 43, 0 = -5*y - 2*o + 63. What is the remainder when l is divided by y?
10
Let p = -374 - -379. Calculate the remainder when 212 is divided by p.
2
Let r = -202 + 213. Calculate the remainder when 104 is divided by r.
5
Let g = -3 - -6. What is the remainder when (-24)/(-36) + (-2 - (-57)/9) is divided by g?
2
Suppose -5*f + 95 = 4*t, -5*f - 10 = -3*f. Calculate the remainder when 19 is divided by (t/8)/(42/112).
9
What is the remainder when (-2535)/(-10)*(-3)/(36/(-32)) is divided by 68?
64
Suppose -21*o = -14*o - 168. What is the remainder when 526 is divided by o?
22
Suppose -5*a + 118 = -4*i, 0 = 3*a - 2*a + i - 20. Calculate the remainder when 1031 is divided by a.
19
Suppose -4*t + 905 = 5*o, 0*o = 3*o - 3*t - 570. What is the remainder when o is divided by 31?
30
Let h(p) = p**3 + 5*p**2 + 7*p + 8. Let n be h(-4). Let t = n + 6. What is the remainder when (-77)/(-22)*t*4 is divided by 11?
6
Suppose 373 = d - 4*t, -70*t = -5*d - 75*t + 1865. Calculate the remainder when d is divided by 47.
44
Suppose 2*p = -3*p + 2*f + 95, -3*f = 2*p - 38. Suppose q + 15 = -4*h, 13*q = 15*q + 4*h + 10. What is the remainder when p is divided by q?
4
What is the remainder when (-9 - -2) + 20/(-70)*-133 is divided by ((-2)/(-2))/((-1)/(-7))?
3
Let v(d) = 213*d - 463. Suppose -135 = 2*l - 5*l. Calculate the remainder when v(3) is divided by l.
41
Suppose 5*n - 95 - 95 = 0. Suppose 2*l + 4 = n. What is the remainder when 151 is divided by l?
15
Let d be 76/13 - 36/(-234). Calculate the remainder when 11 is divided by -12*((-3)/d)/1.
5
Let k = -11 - -24. Suppose 34 + 63 = 4*c + 3*h, h = -1. Calculate the remainder when c is divided by k.
12
Let p = 43 + 5. Let r = 94 - p. Calculate the remainder when r is divided by 16.
14
Calculate the remainder when (22/1)/(-2 + 16/7) 